{"id":1745,"date":"2020-02-04T02:15:36","date_gmt":"2020-02-04T02:15:36","guid":{"rendered":"https:\/\/www.canhealyourself.com\/homeopathy\/?page_id=1745"},"modified":"2020-02-06T22:21:56","modified_gmt":"2020-02-06T22:21:56","slug":"7-razones-por-las-que-la-homeopatia-no-es-placebo","status":"publish","type":"page","link":"https:\/\/www.canhealyourself.com\/homeopathy\/7-razones-por-las-que-la-homeopatia-no-es-placebo\/","title":{"rendered":"7 Razones por las que la homeopat\u00eda no es placebo"},"content":{"rendered":"\n<p><a href=\"https:\/\/www.canhealyourself.com\/homeopathy\/homeopathy-placebo-or-not\/\">In English<\/a><\/p>\n<p>Algunas personas creen err\u00f3neamente que la homeopat\u00eda es un modo de placebo. Esto lo hacen personas que nunca han investigado m\u00e1s all\u00e1 de descubrir que generalmente implica una diluci\u00f3n muy extrema de la sustancia medicinal. Un placebo es una sustancia que no tiene efecto farmacol\u00f3gico, sino que se administra simplemente para satisfacer a un paciente que supone que es un medicamento. Pero la homeopat\u00eda ha existido durante 200 a\u00f1os y sigue siendo extremadamente popular. Cualquiera que crea que la propaganda de fuentes desconocidas (por ejemplo, Wikipedia, &#8220;Amazing&#8221; Randi, Quackwatch, Etc.) de que los remedios homeop\u00e1ticos son placebo debe considerar lo siguiente:<\/p>\n<table class=\" alignleft\" style=\"height: 735px; width: 0%; border-collapse: collapse; border-color: #000000; border-style: double;\">\n<tbody>\n<tr style=\"height: 22px;\">\n<td style=\"width: 63.2978%; height: 22px;\">Remedio Homeop\u00e1tico<\/td>\n<td style=\"width: 47.6951%; border-style: double; border-color: #000000; height: 22px;\">Placebo<\/td>\n<\/tr>\n<tr style=\"height: 105px;\">\n<td style=\"width: 63.2978%; height: 105px;\">1. Trabajan en beb\u00e9s, animales, plantas y personas en coma. Los agricultores biodin\u00e1micos usan remedios homeop\u00e1ticos para repeler las plagas y tratar las enfermedades de las plantas.<\/td>\n<td style=\"width: 47.6951%; height: 105px;\">No tiene efecto en estas situaciones.<\/td>\n<\/tr>\n<tr style=\"height: 84px;\">\n<td style=\"width: 63.2978%; height: 84px;\">2. El remedio curativo correcto inicialmente causar\u00e1 un empeoramiento de la afecci\u00f3n que se est\u00e1 curando si se administra en una dosis demasiado fuerte.<\/td>\n<td style=\"width: 47.6951%; height: 84px;\">Un placebo solo puede causar una mejora temporal de la afecci\u00f3n que se est\u00e1 tratando.<\/td>\n<\/tr>\n<tr style=\"height: 167px;\">\n<td style=\"width: 63.2978%; height: 167px;\">3. Uno puede hacer una &#8220;prueba&#8221; de un remedio homeop\u00e1tico desconocido al tomarlo repetidamente durante varios d\u00edas y ocasionar\u00e1 temporalmente s\u00edntomas que nunca antes hab\u00eda experimentado. Este es un experimento cient\u00edfico repetible utilizado para determinar el alcance de un nuevo remedio.<\/td>\n<td style=\"width: 47.6951%; height: 167px;\">Un placebo no tendr\u00e1 ning\u00fan efecto a menos que el individuo que lo toma haya sido &#8220;preparado&#8221; al saber lo que est\u00e1 tomando.<\/td>\n<\/tr>\n<tr style=\"height: 84px;\">\n<td style=\"width: 63.2978%; height: 84px;\">4. Se pueden tratar afecciones agudas simples (autolimitadas) (por ejemplo, quemaduras leves, lesiones leves, picaduras de insectos, Etc.) y ver curas inusualmente r\u00e1pidas.<\/td>\n<td style=\"width: 47.6951%; height: 84px;\">Un placebo solo puede causar una mejora temporal de la afecci\u00f3n que se est\u00e1 tratando.<\/td>\n<\/tr>\n<tr style=\"height: 84px;\">\n<td style=\"width: 63.2978%; height: 84px;\">5. Uno puede recibir tratamiento para afecciones cr\u00f3nicas a largo plazo (no autolimitadas) y ver una cura profunda y duradera.<\/td>\n<td style=\"width: 47.6951%; height: 84px;\">Un placebo solo puede causar una mejora parcial temporal de la afecci\u00f3n que se est\u00e1 tratando.<\/td>\n<\/tr>\n<tr style=\"height: 105px;\">\n<td style=\"width: 63.2978%; height: 105px;\">6. Hay m\u00e1s de 220 a\u00f1os de documentaci\u00f3n extensive de varias partes del mundo acerca de los \u00e9xitos cl\u00ednicos de la homeopat\u00eda tanto para condiciones agudas, como para condiciones cr\u00f3nicas de todo tipo.<\/td>\n<td style=\"width: 47.6951%; height: 105px;\">Muy poca documentaci\u00f3n. Se han realizado algunos estudios recientes que muestran los beneficios limitados de los placebos.<\/td>\n<\/tr>\n<tr style=\"height: 84px;\">\n<td style=\"width: 63.2978%; height: 84px;\">7. Se ha demostrado que los remedios homeop\u00e1ticos tienen una firma electromagn\u00e9tica muy peque\u00f1a y pueden contener algunas nanopart\u00edculas.<\/td>\n<td style=\"width: 47.6951%; height: 84px;\">Ninguna<\/td>\n<\/tr>\n<\/tbody>\n<\/table>\n","protected":false},"excerpt":{"rendered":"<p>In English Algunas personas creen err\u00f3neamente que la homeopat\u00eda es un modo de placebo. Esto lo hacen personas que nunca han investigado m\u00e1s all\u00e1 de descubrir que generalmente implica una diluci\u00f3n muy extrema de la sustancia medicinal. Un placebo es una sustancia que no tiene efecto farmacol\u00f3gico, sino que se administra simplemente para satisfacer a [&hellip;]<\/p>\n","protected":false},"author":2,"featured_media":0,"parent":0,"menu_order":0,"comment_status":"closed","ping_status":"closed","template":"","meta":{"footnotes":""},"class_list":["post-1745","page","type-page","status-publish","hentry"],"_links":{"self":[{"href":"https:\/\/www.canhealyourself.com\/homeopathy\/wp-json\/wp\/v2\/pages\/1745","targetHints":{"allow":["GET"]}}],"collection":[{"href":"https:\/\/www.canhealyourself.com\/homeopathy\/wp-json\/wp\/v2\/pages"}],"about":[{"href":"https:\/\/www.canhealyourself.com\/homeopathy\/wp-json\/wp\/v2\/types\/page"}],"author":[{"embeddable":true,"href":"https:\/\/www.canhealyourself.com\/homeopathy\/wp-json\/wp\/v2\/users\/2"}],"replies":[{"embeddable":true,"href":"https:\/\/www.canhealyourself.com\/homeopathy\/wp-json\/wp\/v2\/comments?post=1745"}],"version-history":[{"count":8,"href":"https:\/\/www.canhealyourself.com\/homeopathy\/wp-json\/wp\/v2\/pages\/1745\/revisions"}],"predecessor-version":[{"id":1762,"href":"https:\/\/www.canhealyourself.com\/homeopathy\/wp-json\/wp\/v2\/pages\/1745\/revisions\/1762"}],"wp:attachment":[{"href":"https:\/\/www.canhealyourself.com\/homeopathy\/wp-json\/wp\/v2\/media?parent=1745"}],"curies":[{"name":"wp","href":"https:\/\/api.w.org\/{rel}","templated":true}]}}